{"id":881,"date":"2025-05-07T06:22:52","date_gmt":"2025-05-07T06:22:52","guid":{"rendered":"https:\/\/efficia.com.co\/?page_id=881"},"modified":"2025-05-07T06:44:41","modified_gmt":"2025-05-07T06:44:41","slug":"elementor-pagina-881","status":"publish","type":"page","link":"https:\/\/efficia.com.co\/index.php\/elementor-pagina-881\/","title":{"rendered":"Art\u00edculo #2"},"content":{"rendered":"\t\t<div data-elementor-type=\"wp-page\" data-elementor-id=\"881\" class=\"elementor elementor-881\" data-elementor-post-type=\"page\">\n\t\t\t\t\t\t<section class=\"elementor-section elementor-top-section elementor-element elementor-element-596ef07 elementor-section-boxed elementor-section-height-default elementor-section-height-default\" data-id=\"596ef07\" data-element_type=\"section\" data-e-type=\"section\">\n\t\t\t\t\t\t<div class=\"elementor-container elementor-column-gap-default\">\n\t\t\t\t\t<div class=\"elementor-column elementor-col-100 elementor-top-column elementor-element elementor-element-1199fca\" data-id=\"1199fca\" data-element_type=\"column\" data-e-type=\"column\">\n\t\t\t<div class=\"elementor-widget-wrap elementor-element-populated\">\n\t\t\t\t\t\t<div class=\"elementor-element elementor-element-0e931aa elementor-widget elementor-widget-heading\" data-id=\"0e931aa\" data-element_type=\"widget\" data-e-type=\"widget\" data-widget_type=\"heading.default\">\n\t\t\t\t<div class=\"elementor-widget-container\">\n\t\t\t\t\t<h2 class=\"elementor-heading-title elementor-size-default\"><p class=\"MsoNormal\" align=\"center\" style=\"text-align:center\"><b>Aspectos claves\npara la aplicaci\u00f3n correcta de los descuentos a trabajadores<\/b><span style=\"font-size: 2rem;font-style: inherit\"><\/span><\/p><\/h2>\t\t\t\t<\/div>\n\t\t\t\t<\/div>\n\t\t\t\t<div class=\"elementor-element elementor-element-e600d0a elementor-widget elementor-widget-text-editor\" data-id=\"e600d0a\" data-element_type=\"widget\" data-e-type=\"widget\" data-widget_type=\"text-editor.default\">\n\t\t\t\t<div class=\"elementor-widget-container\">\n\t\t\t\t\t\t\t\t\t<p class=\"MsoNormal\" style=\"text-align: justify;\"><b>Resumen<\/b><\/p>\n<p class=\"MsoNormal\" style=\"text-align: justify;\">La correcta aplicaci\u00f3n de los descuentos a los trabajadores es un aspecto fundamental en la gesti\u00f3n de n\u00f3minas, ya que su mala ejecuci\u00f3n puede resultar en errores, confusi\u00f3n o incumplimiento de la normativa laboral. Este breve art\u00edculo aborda los aspectos claves y m\u00ednimos que los empleadores deben considerar para garantizar la legalidad, transparencia y equidad en los descuentos a los empleados. Se analizan diferentes tipos de descuentos, como los legales, disciplinarios, por pr\u00e9stamos otorgados por el empleador y por libranzas, embargos o cooperativas. Adem\u00e1s, se detalla el procedimiento para su aplicaci\u00f3n, asegurando que todos los descuentos est\u00e9n debidamente justificados y documentados, respetando los l\u00edmites legales, como el tope de inembargabilidad del salario. Finalmente, se resalta la importancia de evitar errores y sanciones mediante el cumplimiento estricto de la normativa vigente.<\/p>\n<div style=\"mso-element: para-border-div; border: none; border-bottom: solid windowtext 1.5pt; padding: 0cm 0cm 1.0pt 0cm;\">\n<p class=\"MsoNormal\" style=\"text-align: justify; border-width: initial; border-style: none; padding: 0cm;\"><b>Palabras clave: <\/b>Descuentos laborales, procedimientos de descuento, tipos de descuento, pr\u00e9stamos del empleador, sanciones disciplinarias, inembargabilidad del salario, libranzas, embargos, normativa laboral.<\/p>\n<\/div>\n<p class=\"MsoNormal\" style=\"text-align: justify;\">Los descuentos a los trabajadores representan un tema complejo que, si no se maneja adecuadamente, puede generar confusiones, errores e inconsistencias en la ejecuci\u00f3n de las acciones que debe realizar el empleador. Es fundamental que estos descuentos se efect\u00faen de manera correcta, ajust\u00e1ndose a los l\u00edmites y par\u00e1metros establecidos por la legislaci\u00f3n vigente.<\/p>\n<p class=\"MsoNormal\" style=\"text-align: justify;\">En el presente breve art\u00edculo, se analizar\u00e1n las principales situaciones que el empleador debe considerar para asegurar la correcta aplicaci\u00f3n de descuentos y pr\u00e9stamos dentro de la n\u00f3mina de la empresa. Este an\u00e1lisis busca evitar posibles violaciones legales y sanciones para la empresa, promoviendo el cumplimiento de las normativas laborales y la transparencia en el manejo de los pagos a los empleados.<\/p>\n<p class=\"MsoListParagraph\" style=\"text-align: justify; text-indent: -18.0pt; mso-list: l1 level1 lfo3;\"><!-- [if !supportLists]--><b>1.<span style=\"font-variant-numeric: normal; font-variant-east-asian: normal; font-variant-alternates: normal; font-size-adjust: none; font-kerning: auto; font-optical-sizing: auto; font-feature-settings: normal; font-variation-settings: normal; font-variant-position: normal; font-variant-emoji: normal; font-weight: normal; font-stretch: normal; font-size: 7pt; line-height: normal; font-family: 'Times New Roman';\">&nbsp;&nbsp;&nbsp;&nbsp;&nbsp; <\/span><\/b><!--[endif]--><b>Tipos de descuento.<\/b><\/p>\n<p class=\"MsoNormal\" style=\"text-align: justify;\">Los descuentos a los trabajadores pueden originarse por diversas situaciones, cada una de ellas con caracter\u00edsticas y fundamentos legales espec\u00edficos. A continuaci\u00f3n, se detallan los tipos de descuento m\u00e1s comunes:<\/p>\n<p class=\"MsoListParagraphCxSpFirst\" style=\"margin-left: 18.0pt; mso-add-space: auto; text-align: justify; text-indent: -18.0pt; mso-list: l0 level1 lfo1;\"><!-- [if !supportLists]--><span style=\"font-family: Symbol; mso-fareast-font-family: Symbol; mso-bidi-font-family: Symbol;\">\u00b7<span style=\"font-variant-numeric: normal; font-variant-east-asian: normal; font-variant-alternates: normal; font-size-adjust: none; font-kerning: auto; font-optical-sizing: auto; font-feature-settings: normal; font-variation-settings: normal; font-variant-position: normal; font-variant-emoji: normal; font-stretch: normal; font-size: 7pt; line-height: normal; font-family: 'Times New Roman';\">&nbsp;&nbsp;&nbsp;&nbsp;&nbsp;&nbsp; <\/span><\/span><!--[endif]--><b>Descuentos por Conceptos Legales<\/b>: Este tipo de descuento est\u00e1 amparado por la ley y tiene como finalidad cumplir con las obligaciones legales del empleador. Los descuentos m\u00e1s comunes en esta categor\u00eda incluyen: Prestaciones sociales, tales como aportes a pensi\u00f3n y salud; y retenci\u00f3n en la fuente.<\/p>\n<p class=\"MsoListParagraphCxSpMiddle\" style=\"margin-left: 18.0pt; mso-add-space: auto; text-align: justify; text-indent: -18.0pt; mso-list: l0 level1 lfo1;\"><!-- [if !supportLists]--><span style=\"font-family: Symbol; mso-fareast-font-family: Symbol; mso-bidi-font-family: Symbol;\">\u00b7<span style=\"font-variant-numeric: normal; font-variant-east-asian: normal; font-variant-alternates: normal; font-size-adjust: none; font-kerning: auto; font-optical-sizing: auto; font-feature-settings: normal; font-variation-settings: normal; font-variant-position: normal; font-variant-emoji: normal; font-stretch: normal; font-size: 7pt; line-height: normal; font-family: 'Times New Roman';\">&nbsp;&nbsp;&nbsp;&nbsp;&nbsp;&nbsp; <\/span><\/span><!--[endif]--><b>Descuentos como Sanci\u00f3n Disciplinaria: <\/b>Este tipo de descuento se realiza como consecuencia de un proceso disciplinario en el que el trabajador incurre en una falta o incumplimiento de sus obligaciones laborales. Si bien no es un descuento regular, es una penalizaci\u00f3n econ\u00f3mica que el empleador puede aplicar tras la imposici\u00f3n de una multa, la cual debe estar claramente especificada en el Reglamento Interno de Trabajo (RIT) de la empresa. Los par\u00e1metros de esta sanci\u00f3n deben estar previamente definidos y ser acordes con la normativa laboral vigente, de modo que no se vulneren los derechos del trabajador.<\/p>\n<p class=\"MsoListParagraphCxSpMiddle\" style=\"margin-left: 18.0pt; mso-add-space: auto; text-align: justify; text-indent: -18.0pt; mso-list: l0 level1 lfo1;\"><!-- [if !supportLists]--><span style=\"font-family: Symbol; mso-fareast-font-family: Symbol; mso-bidi-font-family: Symbol;\">\u00b7<span style=\"font-variant-numeric: normal; font-variant-east-asian: normal; font-variant-alternates: normal; font-size-adjust: none; font-kerning: auto; font-optical-sizing: auto; font-feature-settings: normal; font-variation-settings: normal; font-variant-position: normal; font-variant-emoji: normal; font-stretch: normal; font-size: 7pt; line-height: normal; font-family: 'Times New Roman';\">&nbsp;&nbsp;&nbsp;&nbsp;&nbsp;&nbsp; <\/span><\/span><!--[endif]--><b>Descuentos por Pr\u00e9stamos otorgados por el Empleador: <\/b>Cuando el empleador concede un pr\u00e9stamo al trabajador, se establece un acuerdo que incluye la autorizaci\u00f3n del empleado para descontar una parte de su salario de manera peri\u00f3dica hasta la liquidaci\u00f3n del pr\u00e9stamo. Estos descuentos deben contar con una autorizaci\u00f3n expresa por parte del trabajador, en la que se especifiquen las condiciones del pr\u00e9stamo, el monto a descontar y el plazo de pago. Este tipo de descuento debe estar claramente documentado y no puede exceder los l\u00edmites establecidos por la ley.<\/p>\n<p class=\"MsoListParagraphCxSpMiddle\" style=\"margin-left: 18.0pt; mso-add-space: auto; text-align: justify; text-indent: -18.0pt; mso-list: l0 level1 lfo1;\"><!-- [if !supportLists]--><span style=\"font-family: Symbol; mso-fareast-font-family: Symbol; mso-bidi-font-family: Symbol;\">\u00b7<span style=\"font-variant-numeric: normal; font-variant-east-asian: normal; font-variant-alternates: normal; font-size-adjust: none; font-kerning: auto; font-optical-sizing: auto; font-feature-settings: normal; font-variation-settings: normal; font-variant-position: normal; font-variant-emoji: normal; font-stretch: normal; font-size: 7pt; line-height: normal; font-family: 'Times New Roman';\">&nbsp;&nbsp;&nbsp;&nbsp;&nbsp;&nbsp; <\/span><\/span><!--[endif]--><b>Descuentos por Libranzas, Embargos o Pr\u00e9stamos con Cooperativas: <\/b>Los descuentos relacionados con libranzas, embargos o pr\u00e9stamos con cooperativas son originados por deudas adquiridas por el trabajador con entidades externas. Estos descuentos se efect\u00faan a trav\u00e9s de instituciones financieras avaladas como operadoras de libranza, cooperativas o en cumplimiento de una orden judicial en caso de embargo. Aunque en apariencia estos descuentos pueden parecer similares a los descuentos por pr\u00e9stamos otorgados por el empleador, tienen un tratamiento y reglas diferentes. En el caso de los embargos, por ejemplo, la orden proviene de un juez de la Rep\u00fablica, y el empleador est\u00e1 obligado a realizar el correspondiente.<\/p>\n<p class=\"MsoListParagraphCxSpMiddle\" style=\"margin-left: 18.0pt; mso-add-space: auto; text-align: justify;\">\n<\/p><p class=\"MsoListParagraphCxSpLast\" style=\"text-align: justify; text-indent: -18.0pt; mso-list: l1 level1 lfo3;\"><!-- [if !supportLists]--><b>2.<span style=\"font-variant-numeric: normal; font-variant-east-asian: normal; font-variant-alternates: normal; font-size-adjust: none; font-kerning: auto; font-optical-sizing: auto; font-feature-settings: normal; font-variation-settings: normal; font-variant-position: normal; font-variant-emoji: normal; font-weight: normal; font-stretch: normal; font-size: 7pt; line-height: normal; font-family: 'Times New Roman';\">&nbsp;&nbsp;&nbsp;&nbsp;&nbsp; <\/span><\/b><!--[endif]--><b>Procedimiento para la aplicaci\u00f3n de descuentos<\/b><\/p>\n<p class=\"MsoNormal\" style=\"text-align: justify;\">El empleador debe seguir un procedimiento claro, transparente y conforme a la normativa vigente al momento de aplicar cualquier tipo de descuento a los salarios de los trabajadores. Es imperativo que todo descuento est\u00e9 debidamente justificado y documentado, garantizando su legalidad y cumplimiento con las disposiciones legales.<\/p>\n<p class=\"MsoNormal\" style=\"text-align: justify;\">Adem\u00e1s, el trabajador debe estar plenamente informado sobre los l\u00edmites y condiciones de los descuentos, as\u00ed como de la posibilidad de que estos se apliquen durante toda la relaci\u00f3n laboral, e incluso, al momento de la liquidaci\u00f3n final, en caso de no haberse pagado la totalidad de sus pr\u00e9stamos o conceptos pendientes.<\/p>\n<p class=\"MsoListParagraph\" style=\"margin-left: 18.0pt; mso-add-space: auto; text-align: justify; text-indent: -18.0pt; mso-list: l3 level1 lfo4;\"><!-- [if !supportLists]--><span style=\"font-family: Symbol; mso-fareast-font-family: Symbol; mso-bidi-font-family: Symbol; mso-bidi-font-weight: bold;\">\u00b7<span style=\"font-variant-numeric: normal; font-variant-east-asian: normal; font-variant-alternates: normal; font-size-adjust: none; font-kerning: auto; font-optical-sizing: auto; font-feature-settings: normal; font-variation-settings: normal; font-variant-position: normal; font-variant-emoji: normal; font-stretch: normal; font-size: 7pt; line-height: normal; font-family: 'Times New Roman';\">&nbsp;&nbsp;&nbsp;&nbsp;&nbsp;&nbsp; <\/span><\/span><!--[endif]--><b>Descuentos por Pr\u00e9stamos Otorgados por el Empleador y Otros Conceptos<\/b><\/p>\n<p class=\"MsoNormal\" style=\"text-align: justify;\">Cuando un trabajador recibe un pr\u00e9stamo del empleador, es necesario que firme una autorizaci\u00f3n de descuento. Este documento debe contener como m\u00ednimo la siguiente informaci\u00f3n:<\/p>\n<p class=\"MsoNormal\" style=\"text-align: justify; text-indent: -17.85pt; mso-list: l2 level1 lfo2; tab-stops: list 18.15pt; margin: 0cm 0cm 0cm 17.85pt;\"><!-- [if !supportLists]--><b>1.<span style=\"font-variant-numeric: normal; font-variant-east-asian: normal; font-variant-alternates: normal; font-size-adjust: none; font-kerning: auto; font-optical-sizing: auto; font-feature-settings: normal; font-variation-settings: normal; font-variant-position: normal; font-variant-emoji: normal; font-weight: normal; font-stretch: normal; font-size: 7pt; line-height: normal; font-family: 'Times New Roman';\">&nbsp;&nbsp;&nbsp;&nbsp;&nbsp; <\/span><\/b><!--[endif]-->El valor total del pr\u00e9stamo.<\/p>\n<p class=\"MsoNormal\" style=\"text-align: justify; text-indent: -17.85pt; mso-list: l2 level1 lfo2; tab-stops: list 18.15pt; margin: 0cm 0cm 0cm 17.85pt;\"><!-- [if !supportLists]--><b>2.<span style=\"font-variant-numeric: normal; font-variant-east-asian: normal; font-variant-alternates: normal; font-size-adjust: none; font-kerning: auto; font-optical-sizing: auto; font-feature-settings: normal; font-variation-settings: normal; font-variant-position: normal; font-variant-emoji: normal; font-weight: normal; font-stretch: normal; font-size: 7pt; line-height: normal; font-family: 'Times New Roman';\">&nbsp;&nbsp;&nbsp;&nbsp;&nbsp; <\/span><\/b><!--[endif]-->El monto mensual que se descontar\u00e1 del salario del trabajador.<\/p>\n<p class=\"MsoNormal\" style=\"text-align: justify; text-indent: -17.85pt; mso-list: l2 level1 lfo2; tab-stops: list 18.15pt; margin: 0cm 0cm 0cm 17.85pt;\"><!-- [if !supportLists]--><b>3.<span style=\"font-variant-numeric: normal; font-variant-east-asian: normal; font-variant-alternates: normal; font-size-adjust: none; font-kerning: auto; font-optical-sizing: auto; font-feature-settings: normal; font-variation-settings: normal; font-variant-position: normal; font-variant-emoji: normal; font-weight: normal; font-stretch: normal; font-size: 7pt; line-height: normal; font-family: 'Times New Roman';\">&nbsp;&nbsp;&nbsp;&nbsp;&nbsp; <\/span><\/b><!--[endif]-->El n\u00famero total de cuotas o descuentos a realizar.<\/p>\n<p class=\"MsoNormal\" style=\"margin-left: 18.15pt; text-align: justify; text-indent: -18.0pt; mso-list: l2 level1 lfo2; tab-stops: list 18.15pt;\"><!-- [if !supportLists]--><b>4.<span style=\"font-variant-numeric: normal; font-variant-east-asian: normal; font-variant-alternates: normal; font-size-adjust: none; font-kerning: auto; font-optical-sizing: auto; font-feature-settings: normal; font-variation-settings: normal; font-variant-position: normal; font-variant-emoji: normal; font-weight: normal; font-stretch: normal; font-size: 7pt; line-height: normal; font-family: 'Times New Roman';\">&nbsp;&nbsp;&nbsp;&nbsp;&nbsp; <\/span><\/b><!--[endif]-->La autorizaci\u00f3n para que, en caso de no haberse pagado la totalidad del pr\u00e9stamo, el descuento contin\u00fae durante la liquidaci\u00f3n final.<\/p>\n<p class=\"MsoNormal\" style=\"text-align: justify;\">Asimismo, en situaciones en las que el trabajador decida suscribir un seguro, una p\u00f3liza, un curso o cualquier otro concepto relacionado, y el descuento correspondiente se realice directamente sobre la n\u00f3mina, es fundamental que dicho valor no supere el tope legal de descuentos. Este l\u00edmite debe ser determinado teniendo en cuenta otros descuentos vigentes y mediante una autorizaci\u00f3n y notificaci\u00f3n expresa que permita la deducci\u00f3n correspondiente.<\/p>\n<p class=\"MsoNormal\" style=\"text-align: justify;\">El tope de todos estos descuentos, que se consideran conjuntamente, no podr\u00e1 exceder el l\u00edmite de inembargabilidad del salario. En otras palabras, aunque no exista una normativa espec\u00edfica que regule el porcentaje de los descuentos por pr\u00e9stamos otorgados por el empleador u otros conceptos, se debe interpretar que estos estar\u00e1n sujetos a los topes de inembargabilidad, los cuales no pueden superar el 20% de lo que exceda el salario m\u00ednimo, tomando en cuenta el salario mensual del trabajador.<\/p>\n<p class=\"MsoNormal\" style=\"text-align: justify;\">Por otro lado, en el caso de conceptos no salariales, como bonos no salariales o primas no salariales, el empleador y el trabajador pueden acordar que el descuento sea de hasta el 100% de dichos conceptos, ya que, al no ser considerados salario, no est\u00e1n sujetos a las limitaciones de inembargabilidad.<\/p>\n<p class=\"MsoListParagraph\" style=\"margin-left: 18.0pt; mso-add-space: auto; text-align: justify; text-indent: -18.0pt; mso-list: l3 level1 lfo4;\"><!-- [if !supportLists]--><span style=\"font-family: Symbol; mso-fareast-font-family: Symbol; mso-bidi-font-family: Symbol; mso-bidi-font-weight: bold;\">\u00b7<span style=\"font-variant-numeric: normal; font-variant-east-asian: normal; font-variant-alternates: normal; font-size-adjust: none; font-kerning: auto; font-optical-sizing: auto; font-feature-settings: normal; font-variation-settings: normal; font-variant-position: normal; font-variant-emoji: normal; font-stretch: normal; font-size: 7pt; line-height: normal; font-family: 'Times New Roman';\">&nbsp;&nbsp;&nbsp;&nbsp;&nbsp;&nbsp; <\/span><\/span><!--[endif]--><b>Descuentos por Libranzas, Pr\u00e9stamos con Cooperativas o Embargos:<\/b><\/p>\n<p class=\"MsoNormal\" style=\"text-align: justify;\">Los descuentos derivados de libranzas, pr\u00e9stamos con cooperativas u \u00f3rdenes judiciales de embargo, aunque provengan de entidades externas a la empresa, deben ser gestionados cuidadosamente por el empleador.<\/p>\n<p class=\"MsoNormal\" style=\"text-align: justify;\">El empleador tiene la responsabilidad de verificar que la entidad de la libranza est\u00e9 debidamente registrada y habilitada como operado de libranza en el Registro \u00danico Nacional de Entidades Operadoras de Libranza (RUNEOL). Esta verificaci\u00f3n puede realizarse mediante una consulta en l\u00ednea en la p\u00e1gina oficial del RUNEOL.<\/p>\n<p class=\"MsoNormal\" style=\"text-align: justify;\">En cuanto a los embargos, la empresa solo podr\u00e1 proceder con el descuento correspondiente si ha recibido una orden judicial v\u00e1lida emitida por el juez competente. Esta notificaci\u00f3n se realiza mediante un oficio judicial, en el que se especifican los montos y los conceptos sobre los cuales se efectuar\u00e1 el descuento.<\/p>\n<p class=\"MsoNormal\" style=\"text-align: justify;\">Es importante resaltar que los descuentos derivados de libranzas, pr\u00e9stamos con cooperativas o embargos tienen un l\u00edmite de hasta el 50% del salario m\u00ednimo, lo que implica que, incluso si el trabajador percibe solo el salario m\u00ednimo, los descuentos no podr\u00e1n exceder dicho umbral. Por tanto, el empleador debe realizar las verificaciones pertinentes antes de proceder con estos descuentos.<\/p>\n<p class=\"MsoListParagraph\" style=\"text-align: justify; text-indent: -18.0pt; mso-list: l1 level1 lfo3;\"><!-- [if !supportLists]--><b>3.<span style=\"font-variant-numeric: normal; font-variant-east-asian: normal; font-variant-alternates: normal; font-size-adjust: none; font-kerning: auto; font-optical-sizing: auto; font-feature-settings: normal; font-variation-settings: normal; font-variant-position: normal; font-variant-emoji: normal; font-weight: normal; font-stretch: normal; font-size: 7pt; line-height: normal; font-family: 'Times New Roman';\">&nbsp;&nbsp;&nbsp;&nbsp;&nbsp; <\/span><\/b><!--[endif]--><b>&nbsp;Prevenci\u00f3n de Errores y Sanciones<\/b><\/p>\n<p class=\"MsoNormal\" style=\"text-align: justify;\">Uno de los principales riesgos que enfrenta un empleador al no aplicar correctamente los descuentos es la posibilidad de infringir la legislaci\u00f3n laboral, lo cual puede derivar en sanciones econ\u00f3micas, multas o demandas por parte de los trabajadores. Por ello, es crucial que el empleador lleve un control detallado de todos los descuentos aplicados, evitando inconsistencias o descuentos err\u00f3neos que puedan perjudicar a los empleados o a la empresa.<\/p>\n<p class=\"MsoNormal\" style=\"text-align: center;\" align=\"center\"><b>Bibliograf\u00eda.<\/b><\/p>\n<p class=\"MsoNormal\" style=\"text-align: justify;\">Art\u00edculos 149, 150, 151, 152, 153. 154, 155 y 156 del Decreto 2673 de 1950 y sus modificaciones. Por el cual se expide el C\u00f3digo sustantivo del trabajo. Agosto 5 del a\u00f1o 1950.&nbsp;<\/p>\n<p class=\"MsoNormal\" style=\"text-align: justify;\">Ley 1527 de 2012. Por medio de la cual se establece un marco general para la libranza o descuento directo y se dictan otras disposiciones. Abril 27 de 2012.<\/p>\n<p><\/p>\n<p class=\"MsoNormal\" style=\"text-align: justify;\">Ley 1902 de 2018. Por medio de la cual se establece un marco general para la libranza o descuento directo y se dictan otras disposiciones. Junio 22 de 2018<\/p>\n<p class=\"MsoNormal\" style=\"text-align: justify;\"><br><\/p>\n<p class=\"MsoNormal\" style=\"text-align: justify;\">Elaborado por: Dr. Sebasti\u00e1n Escamilla D\u00edaz.<\/p>\t\t\t\t\t\t\t\t<\/div>\n\t\t\t\t<\/div>\n\t\t\t\t\t<\/div>\n\t\t<\/div>\n\t\t\t\t\t<\/div>\n\t\t<\/section>\n\t\t\t\t<\/div>\n\t\t","protected":false},"excerpt":{"rendered":"<p>Aspectos claves para la aplicaci\u00f3n correcta de los descuentos a trabajadores Resumen La correcta aplicaci\u00f3n de los descuentos a los trabajadores es un aspecto fundamental en la gesti\u00f3n de n\u00f3minas, ya que su mala ejecuci\u00f3n puede resultar en errores, confusi\u00f3n o incumplimiento de la normativa laboral. Este breve art\u00edculo aborda los aspectos claves y m\u00ednimos &hellip;<\/p>\n<p class=\"read-more\"> <a class=\"\" href=\"https:\/\/efficia.com.co\/index.php\/elementor-pagina-881\/\"> <span class=\"screen-reader-text\">Art\u00edculo #2<\/span> Leer m\u00e1s &raquo;<\/a><\/p>\n","protected":false},"author":1,"featured_media":0,"parent":0,"menu_order":0,"comment_status":"closed","ping_status":"closed","template":"","meta":{"site-sidebar-layout":"no-sidebar","site-content-layout":"page-builder","ast-global-header-display":"","ast-main-header-display":"","ast-hfb-above-header-display":"","ast-hfb-below-header-display":"","ast-hfb-mobile-header-display":"","site-post-title":"disabled","ast-breadcrumbs-content":"","ast-featured-img":"disabled","footer-sml-layout":"","theme-transparent-header-meta":"","adv-header-id-meta":"","stick-header-meta":"","header-above-stick-meta":"","header-main-stick-meta":"","header-below-stick-meta":"","_joinchat":[],"footnotes":""},"class_list":["post-881","page","type-page","status-publish","hentry"],"_links":{"self":[{"href":"https:\/\/efficia.com.co\/index.php\/wp-json\/wp\/v2\/pages\/881"}],"collection":[{"href":"https:\/\/efficia.com.co\/index.php\/wp-json\/wp\/v2\/pages"}],"about":[{"href":"https:\/\/efficia.com.co\/index.php\/wp-json\/wp\/v2\/types\/page"}],"author":[{"embeddable":true,"href":"https:\/\/efficia.com.co\/index.php\/wp-json\/wp\/v2\/users\/1"}],"replies":[{"embeddable":true,"href":"https:\/\/efficia.com.co\/index.php\/wp-json\/wp\/v2\/comments?post=881"}],"version-history":[{"count":16,"href":"https:\/\/efficia.com.co\/index.php\/wp-json\/wp\/v2\/pages\/881\/revisions"}],"predecessor-version":[{"id":912,"href":"https:\/\/efficia.com.co\/index.php\/wp-json\/wp\/v2\/pages\/881\/revisions\/912"}],"wp:attachment":[{"href":"https:\/\/efficia.com.co\/index.php\/wp-json\/wp\/v2\/media?parent=881"}],"curies":[{"name":"wp","href":"https:\/\/api.w.org\/{rel}","templated":true}]}}